{"id":183,"date":"2024-04-08T09:45:39","date_gmt":"2024-04-08T07:45:39","guid":{"rendered":"http:\/\/www.prod.areaassurances.com\/?page_id=183"},"modified":"2024-04-22T07:40:36","modified_gmt":"2024-04-22T05:40:36","slug":"lassurance-tous-risques-chantiers","status":"publish","type":"page","link":"https:\/\/areaassurances.com\/index.php\/produits\/professionnels-et-entreprises\/lassurance-tous-risques-chantiers\/","title":{"rendered":"L\u2019Assurance Tous Risques Chantiers"},"content":{"rendered":"\n<div class=\"wp-block-buttons is-layout-flex wp-block-buttons-is-layout-flex\">\n<div class=\"wp-block-button\"><a class=\"wp-block-button__link wp-element-button\"><strong><strong>L\u2019Assurance Tous Risques Chantiers<\/strong><\/strong><\/a><\/div>\n<\/div>\n\n\n\n<p>Vous \u00eates ma\u00eetre d\u2019ouvrage ou professionnel du b\u00e2timent et du g\u00e9nie civil, cette assurance vous prot\u00e8ge des pertes financi\u00e8res d\u00e9coulant des dommages subis par votre ouvrage ou par l\u2019ouvrage pour lequel vous participez \u00e0 la construction, pendant la p\u00e9riode de construction, mais aussi pendant la p\u00e9riode de maintenance. Elle couvre \u00e9galement les cons\u00e9quences p\u00e9cuniaires de votre responsabilit\u00e9 civile vis-\u00e0-vis des tiers pendant l\u2019ex\u00e9cution des travaux.<\/p>\n\n\n\n<p><strong>Atouts<\/strong><\/p>\n\n\n\n<ul class=\"wp-block-list\">\n<li>Tarif comp\u00e9titif et garanties adapt\u00e9es \u00e0 vos besoins<\/li>\n<\/ul>\n","protected":false},"excerpt":{"rendered":"<p>Vous \u00eates ma\u00eetre d\u2019ouvrage ou professionnel du b\u00e2timent et du g\u00e9nie civil, cette assurance vous prot\u00e8ge des pertes financi\u00e8res d\u00e9coulant des dommages subis par votre ouvrage ou par l\u2019ouvrage pour lequel vous participez \u00e0 la construction, pendant la p\u00e9riode de construction, mais aussi pendant la p\u00e9riode de maintenance. Elle couvre \u00e9galement les cons\u00e9quences p\u00e9cuniaires de [&hellip;]<\/p>\n","protected":false},"author":1,"featured_media":0,"parent":39,"menu_order":5,"comment_status":"closed","ping_status":"closed","template":"templates\/template-page-full-width.php","meta":{"footnotes":""},"class_list":["post-183","page","type-page","status-publish","hentry"],"_links":{"self":[{"href":"https:\/\/areaassurances.com\/index.php\/wp-json\/wp\/v2\/pages\/183","targetHints":{"allow":["GET"]}}],"collection":[{"href":"https:\/\/areaassurances.com\/index.php\/wp-json\/wp\/v2\/pages"}],"about":[{"href":"https:\/\/areaassurances.com\/index.php\/wp-json\/wp\/v2\/types\/page"}],"author":[{"embeddable":true,"href":"https:\/\/areaassurances.com\/index.php\/wp-json\/wp\/v2\/users\/1"}],"replies":[{"embeddable":true,"href":"https:\/\/areaassurances.com\/index.php\/wp-json\/wp\/v2\/comments?post=183"}],"version-history":[{"count":1,"href":"https:\/\/areaassurances.com\/index.php\/wp-json\/wp\/v2\/pages\/183\/revisions"}],"predecessor-version":[{"id":184,"href":"https:\/\/areaassurances.com\/index.php\/wp-json\/wp\/v2\/pages\/183\/revisions\/184"}],"up":[{"embeddable":true,"href":"https:\/\/areaassurances.com\/index.php\/wp-json\/wp\/v2\/pages\/39"}],"wp:attachment":[{"href":"https:\/\/areaassurances.com\/index.php\/wp-json\/wp\/v2\/media?parent=183"}],"curies":[{"name":"wp","href":"https:\/\/api.w.org\/{rel}","templated":true}]}}