{"id":82,"date":"2024-03-10T22:15:02","date_gmt":"2024-03-10T21:15:02","guid":{"rendered":"http:\/\/localhost:8888\/2024\/AREAASSURANCES\/v1\/?page_id=82"},"modified":"2025-03-17T16:01:56","modified_gmt":"2025-03-17T15:01:56","slug":"assurance-automobile","status":"publish","type":"page","link":"https:\/\/areaassurances.com\/index.php\/produits\/particuliers\/assurance-automobile\/","title":{"rendered":"Assurance Automobile"},"content":{"rendered":"\n<p><strong>AREA ASSURANCES<\/strong> vous offre des formules adapt\u00e9es \u00e0 vos besoins et \u00e0 votre budget pour la couverture de votre automobile.  Nos offres :<\/p>\n\n\n\n<div class=\"wp-block-buttons is-layout-flex wp-block-buttons-is-layout-flex\">\n<div class=\"wp-block-button\"><a class=\"wp-block-button__link wp-element-button\">Tierce simple<\/a><\/div>\n<\/div>\n\n\n\n<p>La formule <strong>Tierce Simple<\/strong> vous garantit la couverture des dommages caus\u00e9s au tiers par la mise en circulation de votre v\u00e9hicule et \u00e9galement une couverture pour le conducteur \u00e0 travers les garanties suivantes&nbsp;: <\/p>\n\n\n\n<ul class=\"wp-block-list\">\n<li>Responsabilit\u00e9 Civile<\/li>\n\n\n\n<li>Recours des Tiers Incendie\/Explosion<\/li>\n\n\n\n<li>Individuelle Accidents Conducteur<\/li>\n\n\n\n<li>D\u00e9fense &amp; Recours<\/li>\n\n\n\n<li><\/li>\n<\/ul>\n\n\n\n<div class=\"wp-block-buttons is-layout-flex wp-block-buttons-is-layout-flex\">\n<div class=\"wp-block-button\"><a class=\"wp-block-button__link wp-element-button\">Tierce Assistance<\/a><\/div>\n<\/div>\n\n\n\n<p>La formule <strong><em>Tierce Assistance<\/em><\/strong> vous garantit la couverture des dommages caus\u00e9s au tiers par la mise en circulation de votre v\u00e9hicule et \u00e9galement une couverture pour le conducteur. De plus vous b\u00e9n\u00e9ficiez aussi de la Tierce Assistance qui couvre votre v\u00e9hicule contre les dommages subis \u00e0 la suite d\u2019une collision avec un autre v\u00e9hicule ou avec un corps mobile identifi\u00e9.  Les garanties accord\u00e9es sont les suivantes&nbsp;:<\/p>\n\n\n\n<ul class=\"wp-block-list\">\n<li>Responsabilit\u00e9 Civile<\/li>\n\n\n\n<li>Recours Des Tierces Incendie\/Explosion<\/li>\n\n\n\n<li>Individuelle Accidents Conducteur<\/li>\n\n\n\n<li>D\u00e9fense &amp; Recours<\/li>\n\n\n\n<li>Tierce Assistance<\/li>\n<\/ul>\n\n\n\n<div class=\"wp-block-buttons is-layout-flex wp-block-buttons-is-layout-flex\">\n<div class=\"wp-block-button\"><a class=\"wp-block-button__link wp-element-button\">Assistance \u00e0 la r\u00e9paration<\/a><\/div>\n<\/div>\n\n\n\n<p>Cette formule couvre les dommages que vous pouvez causer aux tierces mais aussi ceux que peut subir votre v\u00e9hicule \u00e0 hauteur du plafond que vous avez choisi \u00e0 travers les garanties&nbsp;suivantes :<\/p>\n\n\n\n<ul class=\"wp-block-list\">\n<li>Responsabilit\u00e9 Civile<\/li>\n\n\n\n<li>Recours Des Tierces Incendie\/Explosion<\/li>\n\n\n\n<li>Individuelle Accidents Conducteur<\/li>\n\n\n\n<li>D\u00e9fense &amp; Recours<\/li>\n\n\n\n<li>Vol\/Vol Partiel<\/li>\n\n\n\n<li>Incendie\/Explosion<\/li>\n\n\n\n<li>Bris de glaces<\/li>\n\n\n\n<li>Assistance \u00e0 La R\u00e9paration<\/li>\n<\/ul>\n\n\n\n<div class=\"wp-block-buttons is-layout-flex wp-block-buttons-is-layout-flex\">\n<div class=\"wp-block-button\"><a class=\"wp-block-button__link wp-element-button\">Dommage tous accidents&nbsp;<\/a><\/div>\n<\/div>\n\n\n\n<p>Cette formule est la plus compl\u00e8te. Elle vous offre les garanties les plus \u00e9tendues pour la couverture de votre v\u00e9hicule telles que&nbsp;:<\/p>\n\n\n\n<ul class=\"wp-block-list\">\n<li>Responsabilit\u00e9 Civile<\/li>\n\n\n\n<li>Recours Des Tierces Incendie\/Explosion<\/li>\n\n\n\n<li>Individuelle Accidents Conducteur<\/li>\n\n\n\n<li>D\u00e9fense &amp; Recours<\/li>\n\n\n\n<li>Vol\/Vol Partiel<\/li>\n\n\n\n<li>Incendie\/Explosion<\/li>\n\n\n\n<li>Bris de glaces<\/li>\n\n\n\n<li>Assistance \u00e0 La R\u00e9paration<\/li>\n<\/ul>\n\n\n\n<figure class=\"wp-block-image size-full is-resized\"><img loading=\"lazy\" decoding=\"async\" width=\"1024\" height=\"1024\" src=\"https:\/\/areaassurances.com\/wp-content\/uploads\/Auto.png\" alt=\"\" class=\"wp-image-325\" style=\"width:298px;height:auto\" srcset=\"https:\/\/areaassurances.com\/wp-content\/uploads\/Auto.png 1024w, https:\/\/areaassurances.com\/wp-content\/uploads\/Auto-300x300.png 300w, https:\/\/areaassurances.com\/wp-content\/uploads\/Auto-150x150.png 150w, https:\/\/areaassurances.com\/wp-content\/uploads\/Auto-768x768.png 768w\" sizes=\"auto, (max-width: 1024px) 100vw, 1024px\" \/><\/figure>\n","protected":false},"excerpt":{"rendered":"<p>AREA ASSURANCES vous offre des formules adapt\u00e9es \u00e0 vos besoins et \u00e0 votre budget pour la couverture de votre automobile. Nos offres : La formule Tierce Simple vous garantit la couverture des dommages caus\u00e9s au tiers par la mise en circulation de votre v\u00e9hicule et \u00e9galement une couverture pour le conducteur \u00e0 travers les garanties [&hellip;]<\/p>\n","protected":false},"author":1,"featured_media":0,"parent":37,"menu_order":0,"comment_status":"closed","ping_status":"closed","template":"","meta":{"footnotes":""},"class_list":["post-82","page","type-page","status-publish","hentry"],"_links":{"self":[{"href":"https:\/\/areaassurances.com\/index.php\/wp-json\/wp\/v2\/pages\/82","targetHints":{"allow":["GET"]}}],"collection":[{"href":"https:\/\/areaassurances.com\/index.php\/wp-json\/wp\/v2\/pages"}],"about":[{"href":"https:\/\/areaassurances.com\/index.php\/wp-json\/wp\/v2\/types\/page"}],"author":[{"embeddable":true,"href":"https:\/\/areaassurances.com\/index.php\/wp-json\/wp\/v2\/users\/1"}],"replies":[{"embeddable":true,"href":"https:\/\/areaassurances.com\/index.php\/wp-json\/wp\/v2\/comments?post=82"}],"version-history":[{"count":2,"href":"https:\/\/areaassurances.com\/index.php\/wp-json\/wp\/v2\/pages\/82\/revisions"}],"predecessor-version":[{"id":327,"href":"https:\/\/areaassurances.com\/index.php\/wp-json\/wp\/v2\/pages\/82\/revisions\/327"}],"up":[{"embeddable":true,"href":"https:\/\/areaassurances.com\/index.php\/wp-json\/wp\/v2\/pages\/37"}],"wp:attachment":[{"href":"https:\/\/areaassurances.com\/index.php\/wp-json\/wp\/v2\/media?parent=82"}],"curies":[{"name":"wp","href":"https:\/\/api.w.org\/{rel}","templated":true}]}}