{"id":95,"date":"2024-03-10T22:26:31","date_gmt":"2024-03-10T21:26:31","guid":{"rendered":"http:\/\/localhost:8888\/2024\/AREAASSURANCES\/v1\/?page_id=95"},"modified":"2025-03-17T16:34:02","modified_gmt":"2025-03-17T15:34:02","slug":"protection-du-personnel-de-lentreprise","status":"publish","type":"page","link":"https:\/\/areaassurances.com\/index.php\/produits\/professionnels-et-entreprises\/protection-du-personnel-de-lentreprise\/","title":{"rendered":"Protection du personnel de l\u2019entreprise"},"content":{"rendered":"\n<div class=\"wp-block-buttons is-layout-flex wp-block-buttons-is-layout-flex\">\n<div class=\"wp-block-button\"><a class=\"wp-block-button__link wp-element-button\">Protection du personnel de l\u2019entreprise<\/a><\/div>\n<\/div>\n\n\n\n<p>L\u2019assurance sant\u00e9 <strong>AREA<\/strong> et l\u2019individuelle accidents groupe sont des solutions qui permettent de mieux prot\u00e9ger le personnel de votre entreprise et de les fid\u00e9liser.<\/p>\n\n\n\n<details class=\"wp-block-details is-layout-flow wp-block-details-is-layout-flow\"><summary><strong>Assurance sant\u00e9 Area&nbsp;<\/strong><\/summary>\n<p>l\u2019assurance sant\u00e9 a pour objet la couverture des frais m\u00e9dicaux et pharmaceutiques expos\u00e9s par votre personnel et leur famille \u00e0 la suite d\u2019une maladie.<\/p>\n\n\n\n<blockquote class=\"wp-block-quote is-layout-flow wp-block-quote-is-layout-flow\">\n<p><\/p>\n<cite>Atouts&nbsp;de l\u2019assurance sant\u00e9 AREA :<\/cite><\/blockquote>\n\n\n\n<ul class=\"wp-block-list\">\n<li>Les prises en charge se font 24h\/24 <\/li>\n\n\n\n<li>La disponibilit\u00e9 des m\u00e9decins conseil 24h\/24 <\/li>\n\n\n\n<li>La possibilit\u00e9 pour l\u2019assur\u00e9 de v\u00e9rifier directement sa prise en charge d\u00e8s la r\u00e9ception de son code envoy\u00e9 par AREA ASSURANCE sur son t\u00e9l\u00e9phone portable <\/li>\n\n\n\n<li>La possibilit\u00e9 d\u2019obtention des statistiques de consommation en temps r\u00e9el <\/li>\n\n\n\n<li>La pr\u00e9sence d\u2019un vaste r\u00e9seau de prestataire dans les 10 r\u00e9gions du Cameroun <\/li>\n\n\n\n<li>La prise en charge digitale.<\/li>\n<\/ul>\n\n\n\n<blockquote class=\"wp-block-quote is-layout-flow wp-block-quote-is-layout-flow\">\n<p><\/p>\n<cite>Les garanties de base&nbsp;:<\/cite><\/blockquote>\n\n\n\n<ul class=\"wp-block-list\">\n<li>Consultations et visites m\u00e9dicales<\/li>\n\n\n\n<li>Frais d\u2019hospitalisation<\/li>\n\n\n\n<li>Frais pharmaceutiques <\/li>\n\n\n\n<li>Hospitalisation <\/li>\n\n\n\n<li>Chirurgie <\/li>\n\n\n\n<li>Les frais d\u2019actes de sp\u00e9cialit\u00e9, radiologie, chirurgie, \u00e9chographie, IRM, scanner<\/li>\n\n\n\n<li>Analyses et travaux de laboratoires&nbsp;<\/li>\n\n\n\n<li>Sanatorium et pr\u00e9ventorium<\/li>\n<\/ul>\n\n\n\n<blockquote class=\"wp-block-quote is-layout-flow wp-block-quote-is-layout-flow\">\n<p><\/p>\n<cite>Les extensions de garanties&nbsp;:<\/cite><\/blockquote>\n\n\n\n<ul class=\"wp-block-list\">\n<li>Lunetterie <\/li>\n\n\n\n<li>Soins dentaires&nbsp;<\/li>\n\n\n\n<li>Maternit\u00e9&nbsp;<\/li>\n<\/ul>\n\n\n\n<blockquote class=\"wp-block-quote is-layout-flow wp-block-quote-is-layout-flow\">\n<p><\/p>\n<cite>L\u2019assurance sant\u00e9 AREA offre aussi la possibilit\u00e9 de couverture des frais d\u2019\u00e9vacuation sanitaire et de soins \u00e0 l\u2019\u00e9tranger<\/cite><\/blockquote>\n<\/details>\n\n\n\n<details class=\"wp-block-details is-layout-flow wp-block-details-is-layout-flow\"><summary><strong>L\u2019assurance Individuelle accident groupe&nbsp;<\/strong><\/summary>\n<p>L\u2019assurance individuelle accident groupe permet de mieux prot\u00e9ger le personnel de votre entreprise et de les fid\u00e9liser. C\u2019est une forme d\u2019assistance qui permet le versement d\u2019une indemnit\u00e9 contractuelle en cas de d\u00e9c\u00e8s ou d\u2019invalidit\u00e9 \u00e0 la suite d\u2019un accident.Elle prend \u00e9galement en charge les frais m\u00e9dicaux et pharmaceutique cons\u00e9cutif \u00e0 l\u2019accident.<\/p>\n\n\n\n<blockquote class=\"wp-block-quote is-layout-flow wp-block-quote-is-layout-flow\">\n<p><\/p>\n<cite>Les garanties accord\u00e9es&nbsp;:<\/cite><\/blockquote>\n\n\n\n<ul class=\"wp-block-list\">\n<li>En cas de d\u00e9c\u00e8s, le versement d\u2019un capital aux ayants-droits ou aux b\u00e9n\u00e9ficiaires d\u00e9sign\u00e9s&nbsp;<\/li>\n\n\n\n<li>En cas d\u2019invalidit\u00e9 permanente, le versement d\u2019un capital proportionnellement au taux d\u2019invalidit\u00e9&nbsp;<\/li>\n\n\n\n<li>Les frais m\u00e9dicaux et pharmaceutiques<\/li>\n<\/ul>\n\n\n\n<blockquote class=\"wp-block-quote is-layout-flow wp-block-quote-is-layout-flow\">\n<p><\/p>\n<cite>Les atouts<\/cite><\/blockquote>\n\n\n\n<ul class=\"wp-block-list\">\n<li>Tarif comp\u00e9titif et personnalis\u00e9&nbsp;<\/li>\n\n\n\n<li>Assistance collective au niveau du personnel<\/li>\n\n\n\n<li>Outil de protection et de fid\u00e9lisation des collaborateurs<\/li>\n<\/ul>\n<\/details>\n\n\n\n<figure class=\"wp-block-gallery has-nested-images columns-default is-cropped wp-block-gallery-1 is-layout-flex wp-block-gallery-is-layout-flex\">\n<figure class=\"wp-block-image size-large\"><img loading=\"lazy\" decoding=\"async\" width=\"1024\" height=\"1024\" data-id=\"339\" src=\"https:\/\/areaassurances.com\/wp-content\/uploads\/Sante2.png\" alt=\"\" class=\"wp-image-339\" srcset=\"https:\/\/areaassurances.com\/wp-content\/uploads\/Sante2.png 1024w, https:\/\/areaassurances.com\/wp-content\/uploads\/Sante2-300x300.png 300w, https:\/\/areaassurances.com\/wp-content\/uploads\/Sante2-150x150.png 150w, https:\/\/areaassurances.com\/wp-content\/uploads\/Sante2-768x768.png 768w\" sizes=\"auto, (max-width: 1024px) 100vw, 1024px\" \/><\/figure>\n\n\n\n<figure class=\"wp-block-image size-large\"><img loading=\"lazy\" decoding=\"async\" width=\"1024\" height=\"1024\" data-id=\"342\" src=\"https:\/\/areaassurances.com\/wp-content\/uploads\/Individuel1.png\" alt=\"\" class=\"wp-image-342\" srcset=\"https:\/\/areaassurances.com\/wp-content\/uploads\/Individuel1.png 1024w, https:\/\/areaassurances.com\/wp-content\/uploads\/Individuel1-300x300.png 300w, https:\/\/areaassurances.com\/wp-content\/uploads\/Individuel1-150x150.png 150w, https:\/\/areaassurances.com\/wp-content\/uploads\/Individuel1-768x768.png 768w\" sizes=\"auto, (max-width: 1024px) 100vw, 1024px\" \/><\/figure>\n<\/figure>\n","protected":false},"excerpt":{"rendered":"<p>L\u2019assurance sant\u00e9 AREA et l\u2019individuelle accidents groupe sont des solutions qui permettent de mieux prot\u00e9ger le personnel de votre entreprise et de les fid\u00e9liser.<\/p>\n","protected":false},"author":1,"featured_media":0,"parent":39,"menu_order":2,"comment_status":"closed","ping_status":"closed","template":"templates\/template-page-full-width.php","meta":{"footnotes":""},"class_list":["post-95","page","type-page","status-publish","hentry"],"_links":{"self":[{"href":"https:\/\/areaassurances.com\/index.php\/wp-json\/wp\/v2\/pages\/95","targetHints":{"allow":["GET"]}}],"collection":[{"href":"https:\/\/areaassurances.com\/index.php\/wp-json\/wp\/v2\/pages"}],"about":[{"href":"https:\/\/areaassurances.com\/index.php\/wp-json\/wp\/v2\/types\/page"}],"author":[{"embeddable":true,"href":"https:\/\/areaassurances.com\/index.php\/wp-json\/wp\/v2\/users\/1"}],"replies":[{"embeddable":true,"href":"https:\/\/areaassurances.com\/index.php\/wp-json\/wp\/v2\/comments?post=95"}],"version-history":[{"count":2,"href":"https:\/\/areaassurances.com\/index.php\/wp-json\/wp\/v2\/pages\/95\/revisions"}],"predecessor-version":[{"id":356,"href":"https:\/\/areaassurances.com\/index.php\/wp-json\/wp\/v2\/pages\/95\/revisions\/356"}],"up":[{"embeddable":true,"href":"https:\/\/areaassurances.com\/index.php\/wp-json\/wp\/v2\/pages\/39"}],"wp:attachment":[{"href":"https:\/\/areaassurances.com\/index.php\/wp-json\/wp\/v2\/media?parent=95"}],"curies":[{"name":"wp","href":"https:\/\/api.w.org\/{rel}","templated":true}]}}